+ (-502 - -544)
16
-1 + -5 + (18 - (10 - 21) - 12)
11
Evaluate (58 - 41) + (0 + -2 - -1).
16
(11 - 7) + (7 - 9) + -9
-7
Evaluate -5 - ((6 + -8 - 2) + -12).
11
What is the value of -16 - (-5 + 12 + -1 + 5)?
-27
Evaluate 0 - (13 - 2 - 0).
-11
15 - (-1 + (-6 - -21 - -2))
-1
Calculate 2 + (1 - 9 - -1 - (-1 - 2)).
-2
Calculate (-17 - -8 - -4 - (0 - 5)) + 6.
6
What is 4 + (-6 + 9 + 0 - (9 + -2))?
0
What is -23 + 35 + 0 + -20 + -5?
-13
What is the value of (-19 + (15 - -2) - -11) + 5?
14
Evaluate -16 + 24 + (15 - 41).
-18
What is the value of (0 - (-6 + 4)) + -2 + -16 + -4?
-20
Calculate (3165 - 3155) + (4 + 0 + 1 - -2).
17
Evaluate -20 - (-9 + -23 + 30).
-18
(197 - 227) + (-4 - (3 - 12 - 2))
-23
Calculate (-19 - -14) + (4 - 4) + (-1 - 3).
-9
What is -3 + (4 - ((1 - -9) + -11 - 24))?
26
What is the value of (-126 - -81) + 4 + 11?
-30
(36 + -22 - 23) + 19
10
Evaluate 1 - 10 - (-138 + 123).
6
Calculate 8 - (6 + -5) - (-5 - 5).
17
What is the value of 11 + (-2 - -2) + 8?
19
Evaluate (-3 - -3) + -10 + 130 + -114 + -2.
4
Calculate 0 + 31 - -2 - (-202 - -207).
28
What is the value of (-16 - -6) + (23 - -4)?
17
What is -2 - 1 - (-4 + -22) - 9?
14
What is -14 + (29 + -25 - (-2 + -1))?
-7
Evaluate -20 + (-8 - -24 - -5).
1
What is the value of 8 + (24 - 12) - 6?
14
What is the value of 0 - -2 - -11 - ((-238 - -114) + 113)?
24
161 + -141 - (2 + 7 + 0)
11
Calculate -2 + 3 + -10 + 13.
4
Calculate 0 + (4 - -2) + -12 + 7 - 15.
-14
What is 42 - (37 - -7) - -9?
7
What is 31 - 53 - (-10 - (-12 - -6))?
-18
-6 + (3 - (-11 + 7 + 8 + -2))
-5
What is (-1 + -6 + 9 - -6) + -3 + 1?
6
Evaluate (-1 - -6) + 23 + -18 - 3.
7
What is -5 - (-1 - 3 - 2) - (-6 + -2)?
9
Evaluate -9 + (-19 - -6 - -13) - 14.
-23
What is (9 - -13) + -16 - 24?
-18
What is the value of -4 + -35 + 11 + (5 - 0)?
-23
(-2 - (-4 - -10)) + (18 - 27)
-17
Calculate -289 + 261 - (-2 - 4).
-22
What is the value of -8 - (16 - ((10 - 12) + 9))?
-17
What is 7 + (8 - (-3 + 7)) + -8 + 17?
20
What is the value of 28 + -11 + -4 + -2?
11
What is -5 + -1 + (-17 - -12)?
-11
(-9 - (-17 - (4 - 13))) + 8
7
What is the value of -5 - (-1 + -1) - (-36 + 34)?
-1
Calculate 10 + -20 + (-12 - -7).
-15
What is 16 + -6 + -6 - (-5 + -5 + 4)?
10
Calculate (4 - -2) + -2 - (-23 + (2 - 8)).
33
What is (-429 - -419) + (0 - -9)?
-1
Evaluate (-13 - (-1 + (-9 - -5))) + (11 - 7).
-4
15 + -4 + (-1 - -12 - 9)
13
What is the value of -9 - -9 - (-3 + 5 - 2)?
0
What is the value of (-6 - (5 - (0 - -18))) + (-31 - -3)?
-21
Evaluate 4 + (3 - -3) + -15.
-5
Calculate 61 + (22 - 28) + -35.
20
What is (0 - 2) + -69 + 55 + 6?
-10
Calculate 3 + 6 + -3 + (-4 - 3).
-1
Evaluate -9 + (15 - 9) + (-1 + 8 - -8).
12
What is the value of -10 - (-40 + 27) - (13 - 1)?
-9
Evaluate 9 + (3 - -7) + 19 + -58.
-20
(16 - 4) + (-5 - -4) - (-3 - 4)
18
What is the value of 5 + 6 + (3 - (2 - -5))?
7
Calculate -15 + -52 + 30 + -4.
-41
What is (1 - 18) + -2 + (11 - (11 - -8))?
-27
What is 15 - (-2 + 3 + -53 + 62)?
5
10 + -8 + -6 + 5
1
Calculate -60 + 55 + (-3 - 5).
-13
Evaluate (-20 - -17 - 13 - 1) + -1.
-18
Evaluate -465 + 457 + 28 + 0.
20
What is the value of -10 + -2 - (-6 + 0 + 3)?
-9
-72 - -67 - ((3 + -14 - 1) + -2)
9
(4 - (2 + 1)) + -2
-1
Evaluate -5 + (-3 - -2) - (5 - 10).
-1
(19 - 25) + (5 + 0 - (4 + -3))
-2
What is the value of -4 + (0 + 4 - (17 - (-5 - -21)))?
-1
What is the value of -1 + (56 - 56) + (1 - -3) - -13?
16
-31 - (-10 + -19 - 4)
2
-24 - (-1 - 12 - 28)
17
What is the value of 16 - (206 + -189 + (-5 - 0))?
4
What is -6 + (25 - 9) + (-53 - -9)?
-34
What is the value of -13 - (-10 - -10) - -2?
-11
-2 - -9 - -25 - 49
-17
What is the value of -338 - -329 - (-25 + (4 - 2))?
14
Calculate 1 + 9 + (157 - 162).
5
Calculate -17 - (-6 + 20 + -21).
-10
Calculate 18 + -7 + 8 + 0 + -8.
11
Calculate (-1 - -2 - -9) + (7 - 6 - -15).
26
Calculate (1 + -3 - 3) + -228 + 236.
3
Evaluate 2 + (18 - (18 - (-5 - -11))).
8
Calculate 2 - (6 - (21 - 18)).
-1
What is the value of -13 + -13 + -5 + 43 + -25?
-13
Calculate (0 - -2 - (5 - 9)) + -12.
-6
(11 + 3 - 7) + -5 + (-5 - 0)
-3
Evaluate -2 - -10 - ((24 - 4) + 4).
-16
Calculate 18 + -13 + (-26 - (-25 + 18)).
-14
What is the value of 12 + (-3 + 1 - (16 + -9))?
3
Calculate -6 - (11 + -12) - (-2 + 2).
-5
Evaluate 40 - (-29 + 13 + 10 - (-13 + 0)).
33
Evaluate 226 - 230 - ((-1 - 1) + 7).
-9
Calculate -28 + 20 - (-9 + -7).
8
5 + 17 + -11 + 1 + -10
2
What is the value of -62 - (11 + -79) - ((-1 - -13) + 0)?
-6
Calculate (-9 - -3) + 5 + 12 - (8 + 0).
3
What is -27 - (-18 + 17 - 11)?
-15
What is 1 + 10 - ((-4 - 11) + 32)?
-6
Calculate 9 + (-5 - (36 + -38)).
6
Calculate 0 - -34 - (-9 + (7 - -5) - -7).
24
Evaluate 25 + -8 + (1 - 2 - (-10 + 0)).
26
Calculate -13 - -18 - 28 - (11 - 14).
-20
Evaluate 0 + 9 + -4 + 0 + -213 + 243.
35
(-9 - 7) + (-10 + 15 - (0 + 0))
-11
What is the value of (7 - (1 + 12)) + (17 - (-15 + 7))?
19
Calculate 23 - (2 - (-22 - -20)).
19
Evaluate 2 + 2 + (4 - (14 + -7 + 5)).
-4
Evaluate 3 + (91 - 78 - (12 + 2)).
2
What is the value of (53 - 42) + (-4 - -9)?
16
What is the value of -22 + 41 - 14 - (6 - 33)?
32
7 - -6 - (-10 - -13)
10
Calculate 8 - 18 - (21 - 22).
-9
Evaluate -49 - (43 + -101) - (-1 - (-1 - 35)).
-26
Calculate -3 - (5 + -3 + 4 + -5) - -8.
4
Calculate -12 - (2 - (-11 - 3 - -8)).
-20
What is the value of -10 + 2 + (-77 - -75)?
-10
What is the value of (12 - -1) + -118 + 112?
7
What is the value of (-23 - -21) + -19 - -41?
20
(1 - -3 - 15 - (-1 + -7)) + 0
-3
14 + -1 + (-15 - 1) + 7 + -1
3
Calculate -9 + -2 + -154 + 182.
17
Evaluate (-5 + 3 - 3) + (-3 - -9) + 0.
1
Calculate 5 + (-2 - ((-8 + 5 - -6) + 0)).
0
Calculate (15 - 14) + (-18 - (2 - 4)).
-15
Calculate 2 - ((2 - -3) + 1).
-4
Evaluate (11 - (10 + -12)) + -5 + 6 + 4.
18
What is the value of -24 - (19 + -48 + 41)?
-36
Calculate -10 + 0 + 29 + -10 - -2.
11
What is the value of 13 + -32 + (3 - -24)?
8
What is (-2 - -1) + 1 - (2 + 4 + 8)?
-14
What is 3 + -1 - (-11 - -13) - -2?
2
Calculate 6 + 0 + 7 + (-7 - 1) + 0.
5
Evaluate 1 - -4 - (-8 + 20) - (7 + 0).
-14
What is (-7 - -12) + (-2 + 16 - 42)?
-23
Evaluate 8 - ((-21 - -15) + 15).
-1
What is the value of 58 + (-36 - -15) - 16?
21
What is the value of 8 + 9 + 5 + 4 + -21?
5
What is the value of ((1 - 7) + -2 + 3 - -8) + -5?
-2
Evaluate 11 - (-46 - -11 - -35).
11
What is the value of -9 - (-12 - 19 - -16)?
6
What is 1 + -13 - (-27 + (2 - -14))?
-1
What is 2 + 6 + -15 + 13 - (-4 - 2)?
12
What is -51 + (40 - 9) - (-34 - -1)?
13
What is -10 + (-25 - (11 - 18)) - (-11 - -2)?
-19
What is 5 + (-2 - (-3 - (5 + -8))) + -10?
-7
261 + -270 + (-3 - (16 + 3))
-31
Evaluate 6 + -6 + (2 - 7) + -2.
-7
-2 + 22 + -23 + -17
-20
What is (3 - -1) + -117 + 116 + -2?
1
What is the value of -53 + 49 + 25 - (-6 - 1)?
28
What is the value of (5 - -5) + (-5 - -1) + (-12 - 5)?
-11
What is the value of (-27 - 7) + 14 + 4 + 7?
-9
What is the value of (20 - 15 - (-1 + 8 - -4)) + 10?
4
1 + -19 + 1 + 1 - -3 - 0
-13
60 + 5 + -13 + -30
22
6 - 3 - (77 - 76)
2
Calculate -23 + -3 + -5 + 18.
-13
Evaluate 12 + -27 + (-1 - (8 - 12)).
-12
(26 - 2) + (1 - (7 + (-1 - -6)))
13
What is -2 + -10 + (-9 - -12) + -2 + 6?
-5
Calculate -14 - -26 - (39 + -39).
12
Evaluate -10 + -3 + (21 - 15).
-7
What is -8 + (-23 - (1 + -17) - (-2 - 0))?
-13
4 + -13 + (7 - 8) + 13 - -9
12
Calculate 15 + -21 - (9 - 4).
-11
Calculate 42 + (9 - 45) - (1 + -22).
27
What is -14 + (-1 - -3) + (-57 - -50)?
-19
What is (-5 - (7 - 8)) + -12 + 3 + 0?
-13
Calculate 9 + 13 + -4 + (-13 - -6).
11
What is 0 - ((-10 - 3) + 21)?
-8
What is the value of 2 - 0 - 3 - 4 - (-13 + 17)?
-9
What is (0 - (4 + -10 + 10)) + -9?
-13
What is 17 + (-1 - -9 - 23) + -15?
-13
What is the value of (-8 + -4 - -4) + (12 + -15 - -11)?
0
Evaluate 15 + -3 - (59 - 57).
10
What is the value of 15 + 16 + 1 + -21?
11
Calculate (0 - 3) + -9 + 28 + -23.
-7
What is (-1 - (-2 + -18)) + (7 - (32 + -21))?
15
Evaluate -46 - -43 - (2 + (0 - 1) + -17).
13
Calculate -2 + 26 + -57 - -51.
18
Calculate (12 - (12 + -9 + 14)) + (-18 - -2).
-21
Calculate -11 + (5 - 10) + -5 + 12.
-9
Evaluate 29 + -2 + -184 + 155.
-2
Evaluate (7 - (4 + -1 + 2 + -2)) + 4.
8
What is the value of 34 + (3 - 19) - 9?
9
7 - (19 + -3 + 1)
-10
Evaluate (2 - -19) + (-10 + 10 - 9).
12
What is 12 - (-11 - (-25 - -9))?
7
What is 0 + -9 + (-18 - -11)?
-16
Calculate -12 + 5 -